- 2. Let l be ((-91)/(-42))/(-13) - 653/6. Let n = -107 - l. Does 16 divide x(n)?
False
Suppose -2*d = 5*l - 8, 0*d + d = 5*l + 4. Suppose l = -3*s - 69 + 798. Is s a multiple of 27?
True
Suppose -4*s = -4*t - 16392, -266*t = 4*s - 262*t - 16440. Does 4 divide s?
True
Suppose -10*z + 1287 = -7*z. Suppose 0 = 11*f - 4312 + z. Is f a multiple of 18?
False
Suppose -6028 = -9*d + 2900. Does 62 divide d?
True
Suppose -z + 5*t = -1492, 0 = -2*z - t - 981 + 3932. Is z even?
False
Suppose a = -d - 158 + 33, -5*a + 4*d = 616. Suppose -4*q + 3022 = 3802. Let o = a - q. Is 29 a factor of o?
False
Let d = -25138 - -25390. Is d a multiple of 126?
True
Suppose n - 12179 = -2*b, -6*b + 7*b - 6062 = 5*n. Does 8 divide b?
False
Is (11 - (-2115864)/60) + (-7)/5 a multiple of 297?
False
Let a(m) = m**2 + 14*m + 17. Let i(l) = -l**2 - 7*l - 8. Let r(n) = -3*a(n) - 5*i(n). Let z be r(5). Suppose 6 = 2*b, -z*x = 4*b + 82 - 254. Is 4 a factor of x?
True
Let y(p) = 32*p**2 + 5*p - 9. Let q be y(-6). Let j be (-2)/4 - q/14. Let g = 83 + j. Does 3 divide g?
True
Let q = -9 - -16. Let g(z) = z - 4. Let w be g(q). Suppose -4*k = 20, w*k + 351 = -a + 5*a. Does 14 divide a?
True
Let v(t) = -t**2 + 17*t - 32. Let h be v(14). Suppose 18*y - h*y = 864. Is y a multiple of 27?
True
Suppose 3485*s - 19216 = 3481*s. Does 111 divide s?
False
Suppose -g - 27*g + 1864720 = 37*g. Does 88 divide g?
True
Let q = -76 + 79. Suppose 181 = q*x - 5*h - 286, -139 = -x + 5*h. Is 8 a factor of x?
False
Suppose 5*r + 4*l - 21344 = -0*l, 2*r = -2*l + 8540. Is r a multiple of 46?
False
Let i be 2 + (-894)/(-9) + 4/(-3). Suppose -y - i = 3*y - 5*s, s + 16 = -y. Let d = y + 52. Is 11 a factor of d?
False
Suppose -1719*x - 8337 + 63807 = -1709*x. Is x a multiple of 9?
False
Suppose -5*n + 8*u - 7*u = -17, -3*u = -5*n + 21. Suppose 0 = -5*a - p + 244, 2*a - 10 - 85 = -n*p. Does 14 divide a?
False
Suppose 2*y + 19*k - 24*k = -13, 4*y + k = -81. Let w(p) = -p**2 - 14*p + 8*p - 25 - 16*p. Is 6 a factor of w(y)?
False
Let j = 3 - 13. Let x be 24/(-6) - j - (1 + 0). Does 11 divide 41 + (x - (-4 - -6))?
True
Suppose -9*g - 3*h = -38061, -11*g + 3*h + 16916 = -7*g. Is g a multiple of 31?
False
Suppose -3*a + 157 = -2*f, -a = -6*a + 25. Let w = 87 + f. Suppose -w*s = -474 - 70. Is s a multiple of 17?
True
Let q = 17443 + -6164. Does 9 divide q?
False
Let i(z) = -118*z - 841. Is i(-9) a multiple of 3?
False
Does 16 divide (1*(-3)/(-6))/((-55)/(-1280070))?
False
Suppose -142*d + x = -143*d + 5675, -d = -x - 5677. Is 66 a factor of d?
True
Let k be -1 - ((-30)/5 + 5). Suppose 2*o - 340 = -o - 5*b, -4*o + 4*b + 432 = k. Is o a multiple of 10?
True
Let l = -10162 + 11419. Does 17 divide l?
False
Suppose 2*u = -2*l + 13076, 8*l - 19590 = 5*l + 3*u. Is l a multiple of 5?
False
Suppose -95*d + 120963 = -34362. Is 11 a factor of d?
False
Suppose 0 = 14*j + 4*s - 7894, 5*j - 1180 = -s + 1641. Does 2 divide j?
False
Let p(g) = 3*g - 31. Let k be p(12). Suppose k*d - 440 = -2*j - 100, 4*d = -j + 275. Does 7 divide d?
True
Is 14 a factor of (1*-6)/(-7*(-51)/(-138397))?
False
Let q(c) = -6*c + 17 - 1 - 6 - 11*c. Let r be q(-2). Does 9 divide 5/4*(-11)/(r/(-272))?
False
Let s = -150 - -222. Let m = s - 10. Suppose -5*w + 6*w - m = 0. Does 10 divide w?
False
Let p = -1 - 1. Let r be 9080/45 + -4 + p/(-9). Let x = -113 + r. Is x a multiple of 13?
False
Let a(y) = -11*y**3 - 3*y - 4 + 14*y**3 + 2*y - 6 + y**2. Is a(3) a multiple of 7?
True
Let o = 247 + -244. Suppose 8232 = 5*u + o*u. Is u a multiple of 49?
True
Let p = -6990 + 7445. Is p a multiple of 18?
False
Let u = 261 + -228. Is (413/(-539) - 3/u)*-357 a multiple of 18?
True
Let t = 264 + -261. Let c be 1012/14 - 4/14. Suppose t*w = 7*w - c. Is 4 a factor of w?
False
Does 40 divide 128/6*73/(7/(-84)*-4)?
False
Let x(z) = z + 10. Let s be x(-8). Suppose 39 = -3*u - 3*r, s*r = 5*u + 44 + 42. Is 11 a factor of ((-11)/3)/(u/48)?
True
Suppose -l + 6*l - 4*o + 261 = 0, 0 = 5*o + 5. Suppose z - 3*j - 5 - 45 = 0, -5*z + 288 = 4*j. Let h = z + l. Is 3 a factor of h?
True
Let p be (-3932)/(-6) - 10/(-15). Suppose -u = 558 - p. Does 45 divide u?
False
Let o(y) = -27*y**3 + 147*y**2 - 5*y - 130. Is o(-12) a multiple of 38?
True
Suppose u + 16 = 2*i - 2*u, -u + 23 = 5*i. Suppose m + 5*j + 50 = 6*m, j = -i. Suppose 3*v = 5*t + 332, -m*v + 0*t + 2*t = -566. Is v a multiple of 17?
False
Let h = 1898 + 7519. Does 43 divide h?
True
Let z = -6933 - -15330. Is 27 a factor of z?
True
Let g(n) = 82 - 4*n + 24 + 4 - 14*n. Does 11 divide g(0)?
True
Suppose -2*s - 2*m + 68646 - 20450 = 0, -4*s + 96427 = -m. Does 17 divide s?
False
Suppose 11*v - 2219 - 6669 = 0. Is 56 a factor of v?
False
Let z(d) = -d**3 + 19*d**2 - 38*d + 74. Let g be z(17). Suppose 0 = g*k - 9*k - 5*j + 260, -3*j = -3*k + 228. Is k a multiple of 20?
True
Is 96 a factor of (-25650)/20*128/(-10)?
True
Let v be 45/10*((-2)/6 + 1). Suppose -v*f + 3243 = 4*p, 5*p = 6*p - f - 809. Is p a multiple of 10?
True
Let a = 143 + -227. Let r be ((-4)/(-5))/(8/(-1420)). Let g = a - r. Is g a multiple of 29?
True
Let p(l) = 811*l**2 + 16*l - 1. Suppose 4*k - 22 = 6*k. Let s(o) = -162*o**2 - 3*o. Let u(h) = k*s(h) - 2*p(h). Does 24 divide u(-1)?
False
Suppose -a - 90 = 5*t - 980, 2*a - 364 = -2*t. Let k = t - 47. Suppose -5*h = -5*g - 0*h + 325, h = -2*g + k. Is g a multiple of 13?
True
Let l = 14095 + -8469. Is l a multiple of 21?
False
Let i(c) = -c + 92. Let w(p) = 31. Let m(g) = -2*i(g) + 7*w(g). Let j be m(20). Suppose -j - 71 = -2*a. Is a a multiple of 8?
True
Let a = -9753 - -13119. Is a a multiple of 27?
False
Suppose 0 = -3*a + w + 65, -5*a - 4*w - w + 95 = 0. Let q(l) = l**2 - 19*l - 17. Let o be q(a). Suppose -68 = 24*j - o*j. Is 17 a factor of j?
True
Let f = 8002 - 6038. Is f a multiple of 7?
False
Does 3 divide ((-12)/30 - 8/(-10))/(6/5190)?
False
Suppose -v + 2 = -8*p + 6*p, -p = 4*v + 1. Suppose 2*u + 6 + v = 0, -2*u = n - 363. Is 25 a factor of n?
False
Suppose 3532 = 13*m - 2175. Suppose 88 = -3*p + m. Is 9 a factor of p?
True
Let r be (-15)/(-120) - (-3042)/(-16). Is 19 a factor of (-4)/((12/r)/6)?
True
Suppose 4*t - 525 = t. Suppose 9*q - t = 4*q. Suppose 6*z - q = 457. Is z a multiple of 41?
True
Let s be -373 + (30/((-36)/6) - -3). Let w = -7 - s. Is w a multiple of 16?
True
Let m(h) be the second derivative of -h**5/20 - h**4 - h**3/2 - 31*h. Does 18 divide m(-12)?
True
Let k be (-47)/(-5) - 48/(-80). Does 4 divide 166/((-5)/(k/(-4)))?
False
Let f(i) = 2557*i**2 - 59*i - 91. Is 71 a factor of f(-2)?
False
Suppose z = -4*d + 56034, -2*d = -31*z + 35*z - 28038. Does 228 divide d?
False
Let z(i) = -6*i + 38. Let g be z(7). Let k be (9/(-6))/((-3)/g). Does 14 divide 90 + -3 + (-4)/k + 1?
False
Let v(h) = -h**2 + 14*h - 9. Let m be v(5). Suppose 4*l = -o + m, -3*l + 3*o + o = -27. Suppose 4*y - 12 = 0, 0 = -4*x - 5*y + l*y + 132. Is 6 a factor of x?
True
Suppose -3*m + 3*i + 8 = 4*i, 4*m - 4*i = 16. Suppose -5*c + 276 = -m*v, -2*c - 4*v = -4*c + 116. Does 17 divide c?
False
Is 196 a factor of 2/15 + 118352780/3900?
False
Suppose 33465 + 1021796 = 141*y - 552139. Is y a multiple of 19?
True
Let n(p) = -91*p - 3. Suppose 2*z + 3*z - 3*m - 23 = 0, 3*m - 13 = -4*z. Suppose z*q - 2*q + 2 = 0. Is n(q) a multiple of 8?
True
Suppose 0 = 881*w - 871*w - 6800. Does 4 divide w?
True
Let k = 159 + -97. Suppose 27 = 3*s + 5*r, -3*s = -5*r - k + 5. Is s a multiple of 7?
True
Suppose 17*n - 13*n = 8. Let r(h) = -5*h**3 - 2*h**2 + 5*h - 3. Let t be r(n). Is (-6 - -5)*(t/1 - 1) a multiple of 15?
False
Let q be (-3 - (-20)/5)*3646. Does 19 divide (-8)/(-32) + q/8?
True
Suppose 3*g = -2*g + 1460. Let q = g + -193. Suppose -q = -3*h + 87. Does 29 divide h?
False
Let c(o) = 15*o**3 - 6*o**2 - 7*o + 26. Does 36 divide c(11)?
True
Let w(d) = d**2 + 526. Let r be w(0). Let f(s) = 3*s - 25. Let h be f(10). Suppose -r = -4*j - 2*p + 12, 0 = -h*j - 4*p + 677. Is 31 a factor of j?
False
Let b(y) = -21*y - 159. Let k be b(-5). Is 19 a factor of -1*(3 + 1)*(k + -3)?
True
Let w = 3839 - 1125. Is w a multiple of 92?
False
Let g(t) = -2*t**3 + 5*t**2 + 5*t + 37. Let u be g(8). Let v = u - -657. Is v a multiple of 27?
False
Suppose 0 = f - 5*v - 3637 - 1409, -f = v - 5082. Does 6 divide f?
True
Let x be 3927/(-28) - (0 - 1)/4. Let c = x + 234. Suppose 